**2 - 43*w + 43. Let g be z(-22). What is the remainder when (1 - -8)/(g/868) is divided by 17?
15
Let t = -23 - -42. Let b = 1 + -1. Suppose b = -2*l + 177 - 33. What is the remainder when l is divided by t?
15
Let r(k) = -2*k**3 + 63*k**2 - 28*k + 45. Calculate the remainder when 520 is divided by r(31).
106
Let t(h) = -h + 25. Suppose -3*g = -g - 4*g. Suppose g = -2*w + 13 + 15. Calculate the remainder when t(0) is divided by w.
11
Let w = -127 + 129. Suppose w*b + 5*z - 13 = 3*b, -5*b - 4*z + 80 = 0. Calculate the remainder when 21 is divided by b.
9
Let f(n) = -3*n**3 + 4*n**2 + 5*n - 7. Let i be f(2). Calculate the remainder when 104 is divided by i/(90/4) - 955/(-45).
20
Let w be (-268)/(-4)*5 + 4. Suppose 3*k = 6*k + w. Let a = -45 - k. What is the remainder when a is divided by 18?
14
Let f(h) = 36*h**2 - 2*h - 1. Let m be 3 + 11 + (-10)/(-5). Calculate the remainder when 2*4*142/m is divided by f(-1).
34
What is the remainder when 2410 is divided by -18 + 23 + ((-56)/6)/((-6)/9)?
16
Let q(t) = -t - 7. Suppose 9*l = -31 + 4522. Calculate the remainder when l is divided by q(-17).
9
Let r(c) = -c**3 - 2*c**2 + 3*c + 2. Let g be r(-4). Let k = g - 9. What is the remainder when (-3857)/609 + 1/((-3)/(-7)) - -66 is divided by k?
10
Suppose -18*t = -12*t. Suppose t = -8*u + 70 + 106. Calculate the remainder when 61 is divided by u.
17
Suppose -b + 2285 = -0*b + 2218. Suppose -6*s + 24 = -4*s + 3*x, 4*x = -3*s + 35. What is the remainder when b is divided by s?
4
Let u(r) = -r + 1624. Calculate the remainder when u(34) is divided by 29.
24
Let s = 16 - 10. Let u(h) = -26 + 54 + 21*h - 22. Calculate the remainder when u(s) is divided by 27.
24
Let t(z) = 8*z**3 - 8*z**2 + 40*z - 122. Calculate the remainder when t(4) is divided by 109.
95
Calculate the remainder when 7/((-70)/(-4604))*(-95)/(-38) is divided by 55.
51
Let c(r) = 0 + 3*r**2 + 4*r - 2*r**2 - 8. Suppose -5*g = 4*q - 171, -5*q = -2*g - g + 73. What is the remainder when g is divided by c(-7)?
5
Let n = -339 - -370. Let a(y) = 0*y**2 - 4 - 3*y**2 - y + 4*y**2 + 1. What is the remainder when n is divided by a(-4)?
14
Suppose 12*p - 35 = 7*p. Suppose w - 2*w + p = 2*d, -28 = -3*d + 2*w. Suppose -35 = -z - a, z = d*z + 4*a - 178. What is the remainder when z is divided by 14?
10
Suppose d + 56 = 8*d. Suppose i - 112 = -4*i - f, -3*f = 3*i - 60. Let l = i - d. What is the remainder when l is divided by 10?
5
Let f = -2 - -9. Let h(s) = -s**2 + 8*s + 4. Let b be h(8). Suppose -12 = -b*i + 3*i. What is the remainder when i is divided by f?
5
Suppose 3*t - 10*w + 7*w - 9 = 0, -4*t = -3*w - 11. Suppose -2*k = j - 75, -229 = -t*j - j - 4*k. What is the remainder when 551 is divided by j?
77
Suppose 0*j + 176 = 2*j. Let n be -1*22*(-7)/(-2). Let q = 100 + n. What is the remainder when j is divided by q?
19
Suppose z + 18*w - 164 = 21*w, 4*z - 2*w = 666. Calculate the remainder when z is divided by 94.
73
Let p be 14/4 + (-21)/14. Suppose -5*f = -b - 2137, p*f - 1058 = -3*b - 210. What is the remainder when f is divided by 86?
83
Suppose 9*i - 50 - 40 = 0. Suppose i*u = 513 + 277. What is the remainder when 630 is divided by u?
77
Suppose -44*i = 50*i - 1443 - 813. Calculate the remainder when 1847 is divided by i.
23
Suppose -304 = -45*d + 326. What is the remainder when 18 is divided by d?
4
Suppose 9 = h + 7. Suppose -h*r + 4*r = -d - 2, -4*d = -4*r - 16. Calculate the remainder when d/(3/((-348)/(-8))) is divided by 10.
9
What is the remainder when (-1746979)/(-915) - 4/15 is divided by 49?
47
Let o = -384 - -411. Calculate the remainder when o is divided by ((-60)/2)/((-78)/52).
7
Suppose 55 = -29*w + 403. Calculate the remainder when 61 is divided by (-2)/((-6)/w + 5/12).
13
Let t = -132973 - -133042. Let j(a) = -4*a - 4. Let o be j(-3). Let w = 10 + o. What is the remainder when t is divided by w?
15
Let b be (-78)/(-4) + -2 + (-11)/22. Suppose 5*t - 10 = 0, b = l + 3*t - t. Let d = -4 + 9. Calculate the remainder when l is divided by d.
3
Let n = 43 + -49. Let v = n + 13. Suppose -5*z + 3*h + 95 = 0, -5*z + 2*h + 95 = 5*h. What is the remainder when z is divided by v?
5
Let v(j) = 3*j + 26. Let o be v(-8). Let y be (-4)/8 + 85/o. Suppose 3*u = -3*u + y. Calculate the remainder when 18 is divided by u.
4
Suppose -5*r = o + 265 + 111, -r = -2*o - 774. Let k = o - -538. What is the remainder when k is divided by 12?
8
Let u = -9 + -165. Let b = u + 182. What is the remainder when 21 is divided by b?
5
Let g(p) = 2*p**2 + 13*p + 12. Let i be g(-9). Let w = -47 + i. Suppose -3 = -3*a + 6. What is the remainder when w is divided by a?
1
Let c(r) be the first derivative of -r**3/3 + 23*r**2 - 31*r + 13. Calculate the remainder when c(35) is divided by 89.
87
Suppose 2*y = -8*y + 1000. Let v = y + -57. Let t = v - 13. Calculate the remainder when 118 is divided by t.
28
Let x be (4 - 4) + -1 - (-2 - 3). Let r be x/12 - (2 - (-42)/(-9)). Suppose -5 = 4*w + r, -5*n + 245 = 5*w. What is the remainder when n is divided by 13?
12
Let t = 8 - 3. Suppose -277*g - 16 = 3*q - 281*g, -3*g + 27 = -q. Calculate the remainder when q is divided by t.
2
Calculate the remainder when 184 is divided by -6*((-70)/(-15) + -4)*322/(-56).
0
Let a be (-599)/(-3) - (-7)/(-147)*14. Suppose -7*p + a = -2*p - 4*x, x + 125 = 3*p. What is the remainder when p is divided by 27?
16
Suppose 2*w - 10*z + 9*z = 15, -4 = 4*z. Let r(f) = f**3 + 4*f**2 - 7*f + 2. What is the remainder when r(-5) is divided by w?
5
Suppose -2*n + 10 = -4*t, n - 4*t - 5 = -t. Suppose 2 = n*d + 12. What is the remainder when (-1)/d - 214/(-4) is divided by 19?
16
Calculate the remainder when 34/(10 + 4080/(-410)) is divided by 141.
133
Let z = 9 + -6. Suppose -4*k - z*x - 20 + 336 = 0, 406 = 5*k + x. Suppose -4 = 3*y - k. What is the remainder when y is divided by 16?
10
Suppose -43*s = 2*w - 46*s - 962, 0 = -4*w - 5*s + 1990. What is the remainder when w is divided by 111?
46
Let u = 129 + -86. Suppose -6*w = -w - 4*b + 207, w - 5*b = -54. Let c = w + 50. Calculate the remainder when u is divided by c.
10
Let l(s) = -222*s**3 - 5*s - 6. Suppose 4*u - 4*t - 316 = 0, t = -u + 6*u - 383. Calculate the remainder when l(-1) is divided by u.
69
Let x(c) = 2*c**3 - 10*c**2 + 11*c + 1. Suppose 17*f - 112 = 15*f. Calculate the remainder when x(7) is divided by f.
50
Let d = 41 - -77. Let x(n) = 184*n - 168. What is the remainder when d/4 - 3/6 is divided by x(1)?
13
Let m(d) = 2*d - 21. Let u be m(9). Let y be (-4)/2 - (0/u)/(-1). Let k(z) = z + 9. Calculate the remainder when 17 is divided by k(y).
3
Let z(c) = -9*c**3 + 2*c**2 - 5*c - 12. Let o be (-68)/51*((-3)/(-6) - -1). Let v = -8 + 16. Calculate the remainder when z(o) is divided by v.
6
Let l = 27367 + -27349. Calculate the remainder when 1324 is divided by l.
10
Let h = 25264 - 25256. What is the remainder when 288 is divided by h?
0
Suppose -l + 13 = 2. Suppose l - 2 = o. Suppose 0 = 5*q + 4*i - 372, -5*q = 2*i + 272 - 658. Calculate the remainder when q is divided by o.
8
Let g = -78 + 74. Calculate the remainder when (-10)/20 - (1 + 98/g) is divided by 10.
3
Let y(a) be the first derivative of -11*a**2/2 - 126*a + 126. Calculate the remainder when y(-23) is divided by 30.
7
Let h = -168 - -96. Let r = -8 - h. Suppose -2*t + 44 = -0*t. Calculate the remainder when r is divided by t.
20
Let q = 83 + -75. Suppose 0*t + m + 2 = 4*t, -5*t + 4*m = -q. Suppose t = 17*i - 14*i - 99. What is the remainder when i is divided by 7?
5
Let l(n) = 5*n**2 - 89*n. Let g = -132 + 134. What is the remainder when l(18) is divided by g?
0
Let q be (4/(-1))/((18/21)/(-6)). Suppose q*m = 51*m - 3795. Calculate the remainder when m is divided by 14.
11
Let z(d) = 4*d**2 + 6*d + 22. Let l be z(-6). Suppose 3*c - l = -73. Calculate the remainder when (-14)/3*540/(-35) is divided by c.
15
Let i(k) = 9*k**2 + 1275*k + 959. Let s(x) = 12*x**2 + x. What is the remainder when i(-141) is divided by s(1)?
9
Suppose 2628 + 2472 = 102*m. Calculate the remainder when m is divided by (-578)/(-153) + (-4)/(-18).
2
Let z(m) = 8*m + 14 + 10*m**2 - 11*m**2 - 4. Suppose 0 = -4*b + p + 196, -3*b + 10*p + 138 = 7*p. What is the remainder when b is divided by z(7)?
16
Let p(w) = 16 - 45 + 37*w + 20 + 13. Calculate the remainder when